{"id":558,"date":"2020-04-27T03:15:22","date_gmt":"2020-04-27T03:15:22","guid":{"rendered":"https:\/\/www.marsarchive.org\/site\/?page_id=558"},"modified":"2023-04-09T11:22:44","modified_gmt":"2023-04-09T17:22:44","slug":"contacto","status":"publish","type":"page","link":"https:\/\/www.marsarchive.org\/site\/contacto\/","title":{"rendered":"Contacto"},"content":{"rendered":"[spb_boxed_content type=&#8221;coloured&#8221; box_link_target=&#8221;_self&#8221; padding_vertical=&#8221;0&#8243; padding_horizontal=&#8221;0&#8243; width=&#8221;1\/1&#8243; el_position=&#8221;first last&#8221;]\n<p style=\"font-weight: 400; font-size: 120%;\">Ac\u00e9rcate a nosotros, participa y forma parte de nuestra comunidad, para vivir Marte desde la Tierra.<\/p>\n<p>Nuestra forma principal de interacci\u00f3n es a trav\u00e9s de nuestro grupo de Facebook: <span style=\"padding-left: 10px;\"><a href=\"https:\/\/www.facebook.com\/groups\/marsarchive\"><img loading=\"lazy\" decoding=\"async\" class=\"wp-image-1164 alignnone\" src=\"https:\/\/www.marsarchive.org\/site\/wp-content\/uploads\/2023\/04\/fb_logo_40x40.png\" alt=\"\" width=\"20\" height=\"20\" \/><\/a> <a href=\"https:\/\/www.facebook.com\/groups\/marsarchive\">Marsarchive.org<\/a><\/span><\/p>\n<p>Tambi\u00e9n estamos en otras redes sociales: <ul class=\"social-icons standard \">\n<li class=\"twitter\"><a href=\"http:\/\/www.twitter.com\/mars_archive\" target=\"_blank\"><i class=\"fab fa-twitter\"><\/i><i class=\"fab fa-twitter\"><\/i><\/a><\/li>\n<li class=\"facebook\"><a href=\"https:\/\/www.facebook.com\/groups\/marsarchive\/\" target=\"_blank\"><i class=\"fab fa-facebook\"><\/i><i class=\"fab fa-facebook\"><\/i><\/a><\/li>\n<li class=\"youtube\"><a href=\"https:\/\/www.youtube.com\/channel\/UCf5YZOaLJ6MXlhzESccx2kA\/videos\" target=\"_blank\"><i class=\"fab fa-youtube\"><\/i><i class=\"fab fa-youtube\"><\/i><\/a><\/li>\n<li class=\"instagram\"><a href=\"http:\/\/instagram.com\/archivo_marciano\" target=\"_blank\"><i class=\"fab fa-instagram\"><\/i><i class=\"fab fa-instagram\"><\/i><\/a><\/li>\n<li class=\"soundcloud\"><a href=\"https:\/\/soundcloud.com\/user-917937080\" target=\"_blank\"><i class=\"fab fa-soundcloud\"><\/i><i class=\"fab fa-soundcloud\"><\/i><\/a><\/li>\n<\/ul>\n\n<p>O bien puedes escribirnos por correo electr\u00f3nico a: <strong>info@marsarchive.org<\/strong><\/p>\n[\/spb_boxed_content] [spb_blank_spacer height=&#8221;100px&#8221; width=&#8221;1\/1&#8243; el_position=&#8221;first last&#8221;] [spb_row element_name=&#8221;Row&#8221; wrap_type=&#8221;full-width-contained&#8221; row_bg_type=&#8221;image&#8221; color_row_height=&#8221;content-height&#8221; bg_image=&#8221;113&#8243; bg_type=&#8221;cover&#8221; parallax_image_height=&#8221;content-height&#8221; parallax_image_movement=&#8221;scroll&#8221; parallax_image_speed=&#8221;standard&#8221; bg_video_loop=&#8221;yes&#8221; parallax_video_height=&#8221;window-height&#8221; row_top_style=&#8221;none&#8221; row_bottom_style=&#8221;none&#8221; parallax_video_overlay=&#8221;none&#8221; row_overlay_opacity=&#8221;0&#8243; remove_element_spacing=&#8221;no&#8221; row_col_spacing=&#8221;0&#8243; row_col_pos=&#8221;default&#8221; row_col_equal_heights=&#8221;no&#8221; row_expanding=&#8221;no&#8221; row_animation=&#8221;none&#8221; row_animation_delay=&#8221;0&#8243; minimize_row=&#8221;no&#8221; simplified_controls=&#8221;yes&#8221; custom_css_percentage=&#8221;no&#8221; custom_css=&#8221;margin-top: 0px;margin-bottom: 0px;&#8221; border_styling_global=&#8221;default&#8221; width=&#8221;1\/1&#8243; el_position=&#8221;first last&#8221;] [spb_blank_spacer height=&#8221;350px&#8221; width=&#8221;1\/1&#8243; el_position=&#8221;first last&#8221;] [\/spb_row]\n","protected":false},"excerpt":{"rendered":"<p>[spb_boxed_content type=&#8221;coloured&#8221; box_link_target=&#8221;_self&#8221; padding_vertical=&#8221;0&#8243; padding_horizontal=&#8221;0&#8243; width=&#8221;1\/1&#8243; el_position=&#8221;first last&#8221;] Ac\u00e9rcate a nosotros, participa y forma parte de nuestra comunidad, para vivir Marte desde la Tierra. Nuestra forma principal de interacci\u00f3n es a trav\u00e9s de nuestro grupo de Facebook: Marsarchive.org Tambi\u00e9n estamos en otras redes sociales: O bien puedes escribirnos por correo electr\u00f3nico a: info@marsarchive.org [\/spb_boxed_content] [spb_blank_spacer height=&#8221;100px&#8221; width=&#8221;1\/1&#8243; el_position=&#8221;first last&#8221;] [spb_row [&hellip;]<\/p>\n","protected":false},"author":1,"featured_media":0,"parent":0,"menu_order":0,"comment_status":"closed","ping_status":"closed","template":"","meta":{"footnotes":""},"class_list":["post-558","page","type-page","status-publish","hentry"],"_links":{"self":[{"href":"https:\/\/www.marsarchive.org\/site\/wp-json\/wp\/v2\/pages\/558","targetHints":{"allow":["GET"]}}],"collection":[{"href":"https:\/\/www.marsarchive.org\/site\/wp-json\/wp\/v2\/pages"}],"about":[{"href":"https:\/\/www.marsarchive.org\/site\/wp-json\/wp\/v2\/types\/page"}],"author":[{"embeddable":true,"href":"https:\/\/www.marsarchive.org\/site\/wp-json\/wp\/v2\/users\/1"}],"replies":[{"embeddable":true,"href":"https:\/\/www.marsarchive.org\/site\/wp-json\/wp\/v2\/comments?post=558"}],"version-history":[{"count":12,"href":"https:\/\/www.marsarchive.org\/site\/wp-json\/wp\/v2\/pages\/558\/revisions"}],"predecessor-version":[{"id":1166,"href":"https:\/\/www.marsarchive.org\/site\/wp-json\/wp\/v2\/pages\/558\/revisions\/1166"}],"wp:attachment":[{"href":"https:\/\/www.marsarchive.org\/site\/wp-json\/wp\/v2\/media?parent=558"}],"curies":[{"name":"wp","href":"https:\/\/api.w.org\/{rel}","templated":true}]}}