{"id":988,"date":"2021-12-04T14:11:13","date_gmt":"2021-12-04T14:11:13","guid":{"rendered":"https:\/\/www.marsarchive.org\/site\/?page_id=988"},"modified":"2024-10-08T11:44:41","modified_gmt":"2024-10-08T17:44:41","slug":"martes-de-marte","status":"publish","type":"page","link":"https:\/\/www.marsarchive.org\/site\/martes-de-marte\/","title":{"rendered":"Martes de Marte"},"content":{"rendered":"[spb_text_block animation=&#8221;none&#8221; animation_delay=&#8221;0&#8243; simplified_controls=&#8221;yes&#8221; custom_css_percentage=&#8221;no&#8221; padding_vertical=&#8221;0&#8243; padding_horizontal=&#8221;0&#8243; margin_vertical=&#8221;0&#8243; custom_css=&#8221;margin-top: 0px;margin-bottom: 0px;&#8221; border_size=&#8221;0&#8243; border_styling_global=&#8221;default&#8221; width=&#8221;1\/1&#8243; el_position=&#8221;first last&#8221;]\n<p>Martes de Marte es un programa quincenal de entrevistas que re\u00fane testimonios de diferentes especialistas en temas relevantes para la cultura marciana y espacial. Transmitido en nuestro canal de YouTube cada dos martes a las 20 horas, este espacio tiene como objetivo fomentar la discusi\u00f3n y el intercambio de ideas en la transici\u00f3n hacia la era interplanetaria.<\/p>\n<p>Si eres un experto en temas espaciales y te gustar\u00eda compartir tus experiencias y conocimientos con nuestra audiencia, \u00a1cont\u00e1ctanos! Queremos que tu voz sea parte de la conversaci\u00f3n.<\/p>\n[\/spb_text_block] [spb_divider type=&#8221;standard&#8221; text=&#8221;Go to top&#8221; top_margin=&#8221;0px&#8221; bottom_margin=&#8221;30px&#8221; fullwidth=&#8221;no&#8221; width=&#8221;1\/1&#8243; el_position=&#8221;first last&#8221;] [spb_text_block animation=&#8221;none&#8221; animation_delay=&#8221;0&#8243; simplified_controls=&#8221;yes&#8221; custom_css_percentage=&#8221;no&#8221; padding_vertical=&#8221;0&#8243; padding_horizontal=&#8221;0&#8243; margin_vertical=&#8221;0&#8243; custom_css=&#8221;margin-top: 0px;margin-bottom: 0px;&#8221; border_size=&#8221;0&#8243; border_styling_global=&#8221;default&#8221; width=&#8221;1\/1&#8243; el_position=&#8221;first last&#8221;]\n<h2>Episodios anteriores<\/h2>\n[\/spb_text_block]\n\t\t\t<div \n\t\t\tclass=\"yotu-playlist yotuwp yotu-limit-min   yotu-thumb-169  yotu-template-grid\" \n\t\t\tdata-page=\"1\"\n\t\t\tid=\"yotuwp-69f07ab991dd6\"\n\t\t\tdata-yotu=\"modal\"\n\t\t\tdata-total=\"21\"\n\t\t\tdata-settings=\"eyJ0eXBlIjoicGxheWxpc3QiLCJpZCI6IlBMS2c0dkF1ZWxxV01qMmVWU0duN2VQck81WDM1ZFE3RjAiLCJwYWdpbmF0aW9uIjoib24iLCJwYWdpdHlwZSI6InBhZ2VyIiwiY29sdW1uIjoiMiIsInBlcl9wYWdlIjoiNCIsInRlbXBsYXRlIjoiZ3JpZCIsInRpdGxlIjoib24iLCJkZXNjcmlwdGlvbiI6Im9mZiIsInRodW1icmF0aW8iOiIxNjkiLCJtZXRhIjoib2ZmIiwibWV0YV9kYXRhIjoib2ZmIiwibWV0YV9wb3NpdGlvbiI6Im9mZiIsImRhdGVfZm9ybWF0Ijoib2ZmIiwibWV0YV9hbGlnbiI6Im9mZiIsInN1YnNjcmliZSI6Im9mZiIsImR1cmF0aW9uIjoib2ZmIiwibWV0YV9pY29uIjoib2ZmIiwibmV4dHRleHQiOiIiLCJwcmV2dGV4dCI6IiIsImxvYWRtb3JldGV4dCI6IiIsInBsYXllciI6eyJtb2RlIjoicG9wdXAiLCJ3aWR0aCI6IjYwMCIsInNjcm9sbGluZyI6IjEwMCIsImF1dG9wbGF5IjowLCJjb250cm9scyI6MSwibW9kZXN0YnJhbmRpbmciOjEsImxvb3AiOjAsImF1dG9uZXh0IjowLCJzaG93aW5mbyI6MSwicmVsIjoxLCJwbGF5aW5nIjowLCJwbGF5aW5nX2Rlc2NyaXB0aW9uIjowLCJ0aHVtYm5haWxzIjowLCJjY19sb2FkX3BvbGljeSI6IjEiLCJjY19sYW5nX3ByZWYiOiIxIiwiaGwiOiIiLCJpdl9sb2FkX3BvbGljeSI6IjEifSwibGFzdF90YWIiOiJhcGkiLCJ1c2VfYXNfbW9kYWwiOiJvZmYiLCJtb2RhbF9pZCI6Im9mZiIsImxhc3RfdXBkYXRlIjoiMTY4MTQzNjcyMSIsInN0eWxpbmciOnsicGFnZXJfbGF5b3V0IjoiZGVmYXVsdCIsImJ1dHRvbiI6IjEiLCJidXR0b25fY29sb3IiOiIiLCJidXR0b25fYmdfY29sb3IiOiIiLCJidXR0b25fY29sb3JfaG92ZXIiOiIiLCJidXR0b25fYmdfY29sb3JfaG92ZXIiOiIiLCJ2aWRlb19zdHlsZSI6IiIsInBsYXlpY29uX2NvbG9yIjoiIiwiaG92ZXJfaWNvbiI6IiIsImdhbGxlcnlfYmciOiIifSwiZWZmZWN0cyI6eyJ2aWRlb19ib3giOiIiLCJmbGlwX2VmZmVjdCI6IiJ9LCJnYWxsZXJ5X2lkIjoiNjlmMDdhYjk5MWRkNiIsIm5leHQiOiJFQUFhSGxCVU9rTkJVV2xGUkVGM1RWVlpNMDFGVVRWT1ZHaEVVbXBXUkZKRldRIiwicHJldiI6IiJ9\"\n\t\t\tdata-player=\"popup\"\n\t\t\tdata-showdesc=\"off\" >\n\t\t\t\t<div>\n\t\t\t\t\t<div class=\"yotu-pagination yotu-pager_layout-default yotu-pagination-top\">\n<a href=\"#\" class=\"yotu-pagination-prev yotu-button-prs yotu-button-prs-1\" data-page=\"prev\">Prev<\/a>\n<span class=\"yotu-pagination-current\">1<\/span> <span>of<\/span> <span class=\"yotu-pagination-total\">21<\/span>\n<a href=\"#\" class=\"yotu-pagination-next yotu-button-prs yotu-button-prs-1\" data-page=\"next\">Next<\/a>\n<\/div>\n<div class=\"yotu-videos yotu-mode-grid yotu-column-2 yotu-player-mode-popup\">\n\t<ul>\n\t\t\t\t\t<li class=\" yotu-first\">\n\t\t\t\t\t\t\t\t<a href=\"#nPo_pVZZH0w\" class=\"yotu-video\" data-videoid=\"nPo_pVZZH0w\" data-title=\"Priyank Gothwal y los curadores de la expo Time is a Body  \u00bfC\u00f3mo entendemos el tiempo?\" title=\"Priyank Gothwal y los curadores de la expo Time is a Body  \u00bfC\u00f3mo entendemos el tiempo?\">\n\t\t\t\t\t<div class=\"yotu-video-thumb-wrp\">\n\t\t\t\t\t\t<div>\n\t\t\t\t\t\t\t\t\t\t\t\t\t\t<img decoding=\"async\" class=\"yotu-video-thumb\" src=\"https:\/\/i.ytimg.com\/vi\/nPo_pVZZH0w\/sddefault.jpg\" alt=\"Priyank Gothwal y los curadores de la expo Time is a Body  \u00bfC\u00f3mo entendemos el tiempo?\">\t\n\t\t\t\t\t\t\t\t\t\t\t\t\t<\/div>\n\t\t\t\t\t<\/div>\n\t\t\t\t\t\t\t\t\t\t\t<h3 class=\"yotu-video-title\">Priyank Gothwal y los curadores de la expo Time is a Body  \u00bfC\u00f3mo entendemos el tiempo?<\/h3>\n\t\t\t\t\t\t\t\t\t\t\t\t\t\t\t\t\t\t\t<\/a>\n\t\t\t\t\t\t\t<\/li>\n\t\t\t\t\n\t\t\t\t\t\t<li class=\"\">\n\t\t\t\t\t\t\t\t<a href=\"#EIFTNGQPi-Y\" class=\"yotu-video\" data-videoid=\"EIFTNGQPi-Y\" data-title=\"Martes de Marte con Santiago Capraro, \u00bfC\u00f3mo podr\u00eda ser la econom\u00eda en Marte?\" title=\"Martes de Marte con Santiago Capraro, \u00bfC\u00f3mo podr\u00eda ser la econom\u00eda en Marte?\">\n\t\t\t\t\t<div class=\"yotu-video-thumb-wrp\">\n\t\t\t\t\t\t<div>\n\t\t\t\t\t\t\t\t\t\t\t\t\t\t<img decoding=\"async\" class=\"yotu-video-thumb\" src=\"https:\/\/i.ytimg.com\/vi\/EIFTNGQPi-Y\/sddefault.jpg\" alt=\"Martes de Marte con Santiago Capraro, \u00bfC\u00f3mo podr\u00eda ser la econom\u00eda en Marte?\">\t\n\t\t\t\t\t\t\t\t\t\t\t\t\t<\/div>\n\t\t\t\t\t<\/div>\n\t\t\t\t\t\t\t\t\t\t\t<h3 class=\"yotu-video-title\">Martes de Marte con Santiago Capraro, \u00bfC\u00f3mo podr\u00eda ser la econom\u00eda en Marte?<\/h3>\n\t\t\t\t\t\t\t\t\t\t\t\t\t\t\t\t\t\t\t<\/a>\n\t\t\t\t\t\t\t<\/li>\n\t\t\t\t\n\t\t\t\t\t\t<li class=\"\">\n\t\t\t\t\t\t\t\t<a href=\"#Ef6CsqX9uE0\" class=\"yotu-video\" data-videoid=\"Ef6CsqX9uE0\" data-title=\"Martes de Marte con Primo\u017e Kajdic\u030c, Clima Espacial\" title=\"Martes de Marte con Primo\u017e Kajdic\u030c, Clima Espacial\">\n\t\t\t\t\t<div class=\"yotu-video-thumb-wrp\">\n\t\t\t\t\t\t<div>\n\t\t\t\t\t\t\t\t\t\t\t\t\t\t<img decoding=\"async\" class=\"yotu-video-thumb\" src=\"https:\/\/i.ytimg.com\/vi\/Ef6CsqX9uE0\/sddefault.jpg\" alt=\"Martes de Marte con Primo\u017e Kajdic\u030c, Clima Espacial\">\t\n\t\t\t\t\t\t\t\t\t\t\t\t\t<\/div>\n\t\t\t\t\t<\/div>\n\t\t\t\t\t\t\t\t\t\t\t<h3 class=\"yotu-video-title\">Martes de Marte con Primo\u017e Kajdic\u030c, Clima Espacial<\/h3>\n\t\t\t\t\t\t\t\t\t\t\t\t\t\t\t\t\t\t\t<\/a>\n\t\t\t\t\t\t\t<\/li>\n\t\t\t\t\n\t\t\t\t\t\t<li class=\" yotu-last\">\n\t\t\t\t\t\t\t\t<a href=\"#zgss1vpt-ls\" class=\"yotu-video\" data-videoid=\"zgss1vpt-ls\" data-title=\"Martes de Marte con Romeo G\u00f3mez L\u00f3pez\" title=\"Martes de Marte con Romeo G\u00f3mez L\u00f3pez\">\n\t\t\t\t\t<div class=\"yotu-video-thumb-wrp\">\n\t\t\t\t\t\t<div>\n\t\t\t\t\t\t\t\t\t\t\t\t\t\t<img decoding=\"async\" class=\"yotu-video-thumb\" src=\"https:\/\/i.ytimg.com\/vi\/zgss1vpt-ls\/sddefault.jpg\" alt=\"Martes de Marte con Romeo G\u00f3mez L\u00f3pez\">\t\n\t\t\t\t\t\t\t\t\t\t\t\t\t<\/div>\n\t\t\t\t\t<\/div>\n\t\t\t\t\t\t\t\t\t\t\t<h3 class=\"yotu-video-title\">Martes de Marte con Romeo G\u00f3mez L\u00f3pez<\/h3>\n\t\t\t\t\t\t\t\t\t\t\t\t\t\t\t\t\t\t\t<\/a>\n\t\t\t\t\t\t\t<\/li>\n\t\t\t\t\n\t\t\t\t<\/ul>\n<\/div><div class=\"yotu-pagination yotu-pager_layout-default yotu-pagination-bottom\">\n<a href=\"#\" class=\"yotu-pagination-prev yotu-button-prs yotu-button-prs-1\" data-page=\"prev\">Prev<\/a>\n<span class=\"yotu-pagination-current\">1<\/span> <span>of<\/span> <span class=\"yotu-pagination-total\">21<\/span>\n<a href=\"#\" class=\"yotu-pagination-next yotu-button-prs yotu-button-prs-1\" data-page=\"next\">Next<\/a>\n<\/div>\n\t\t\t\t<\/div>\n\t\t\t<\/div>\n\t\t\t\n","protected":false},"excerpt":{"rendered":"<p>[spb_text_block animation=&#8221;none&#8221; animation_delay=&#8221;0&#8243; simplified_controls=&#8221;yes&#8221; custom_css_percentage=&#8221;no&#8221; padding_vertical=&#8221;0&#8243; padding_horizontal=&#8221;0&#8243; margin_vertical=&#8221;0&#8243; custom_css=&#8221;margin-top: 0px;margin-bottom: 0px;&#8221; border_size=&#8221;0&#8243; border_styling_global=&#8221;default&#8221; width=&#8221;1\/1&#8243; el_position=&#8221;first last&#8221;] Martes de Marte es un programa quincenal de entrevistas que re\u00fane testimonios de diferentes especialistas en temas relevantes para la cultura marciana y espacial. Transmitido en nuestro canal de YouTube cada dos martes a las 20 horas, este espacio tiene como objetivo fomentar la [&hellip;]<\/p>\n","protected":false},"author":1,"featured_media":0,"parent":0,"menu_order":0,"comment_status":"closed","ping_status":"closed","template":"","meta":{"footnotes":""},"class_list":["post-988","page","type-page","status-publish","hentry"],"_links":{"self":[{"href":"https:\/\/www.marsarchive.org\/site\/wp-json\/wp\/v2\/pages\/988","targetHints":{"allow":["GET"]}}],"collection":[{"href":"https:\/\/www.marsarchive.org\/site\/wp-json\/wp\/v2\/pages"}],"about":[{"href":"https:\/\/www.marsarchive.org\/site\/wp-json\/wp\/v2\/types\/page"}],"author":[{"embeddable":true,"href":"https:\/\/www.marsarchive.org\/site\/wp-json\/wp\/v2\/users\/1"}],"replies":[{"embeddable":true,"href":"https:\/\/www.marsarchive.org\/site\/wp-json\/wp\/v2\/comments?post=988"}],"version-history":[{"count":10,"href":"https:\/\/www.marsarchive.org\/site\/wp-json\/wp\/v2\/pages\/988\/revisions"}],"predecessor-version":[{"id":1283,"href":"https:\/\/www.marsarchive.org\/site\/wp-json\/wp\/v2\/pages\/988\/revisions\/1283"}],"wp:attachment":[{"href":"https:\/\/www.marsarchive.org\/site\/wp-json\/wp\/v2\/media?parent=988"}],"curies":[{"name":"wp","href":"https:\/\/api.w.org\/{rel}","templated":true}]}}

[spb_text_block animation=&#8221;none&#8221; animation_delay=&#8221;0&#8243; simplified_controls=&#8221;yes&#8221; custom_css_percentage=&#8221;no&#8221; padding_vertical=&#8221;0&#8243; padding_horizontal=&#8221;0&#8243; margin_vertical=&#8221;0&#8243; custom_css=&#8221;margin-top: 0px;margin-bottom: 0px;&#8221; border_size=&#8221;0&#8243; border_styling_global=&#8221;default&#8221; width=&#8221;1/1&#8243; el_position=&#8221;first last&#8221;]
<p>Martes de Marte es un programa quincenal de entrevistas que reúne testimonios de diferentes especialistas en temas relevantes para la cultura marciana y espacial. Transmitido en nuestro canal de YouTube cada dos martes a las 20 horas, este espacio tiene como objetivo fomentar la discusión y el intercambio de ideas en la transición hacia la era interplanetaria.</p>
<p>Si eres un experto en temas espaciales y te gustaría compartir tus experiencias y conocimientos con nuestra audiencia, ¡contáctanos! Queremos que tu voz sea parte de la conversación.</p>
[/spb_text_block] [spb_divider type=&#8221;standard&#8221; text=&#8221;Go to top&#8221; top_margin=&#8221;0px&#8221; bottom_margin=&#8221;30px&#8221; fullwidth=&#8221;no&#8221; width=&#8221;1/1&#8243; el_position=&#8221;first last&#8221;] [spb_text_block animation=&#8221;none&#8221; animation_delay=&#8221;0&#8243; simplified_controls=&#8221;yes&#8221; custom_css_percentage=&#8221;no&#8221; padding_vertical=&#8221;0&#8243; padding_horizontal=&#8221;0&#8243; margin_vertical=&#8221;0&#8243; custom_css=&#8221;margin-top: 0px;margin-bottom: 0px;&#8221; border_size=&#8221;0&#8243; border_styling_global=&#8221;default&#8221; width=&#8221;1/1&#8243; el_position=&#8221;first last&#8221;]
<h2>Episodios anteriores</h2>
[/spb_text_block]
			<div 
			class="yotu-playlist yotuwp yotu-limit-min   yotu-thumb-169  yotu-template-grid" 
			data-page="1"
			id="yotuwp-69f07ab991dd6"
			data-yotu="modal"
			data-total="21"
			data-settings="eyJ0eXBlIjoicGxheWxpc3QiLCJpZCI6IlBMS2c0dkF1ZWxxV01qMmVWU0duN2VQck81WDM1ZFE3RjAiLCJwYWdpbmF0aW9uIjoib24iLCJwYWdpdHlwZSI6InBhZ2VyIiwiY29sdW1uIjoiMiIsInBlcl9wYWdlIjoiNCIsInRlbXBsYXRlIjoiZ3JpZCIsInRpdGxlIjoib24iLCJkZXNjcmlwdGlvbiI6Im9mZiIsInRodW1icmF0aW8iOiIxNjkiLCJtZXRhIjoib2ZmIiwibWV0YV9kYXRhIjoib2ZmIiwibWV0YV9wb3NpdGlvbiI6Im9mZiIsImRhdGVfZm9ybWF0Ijoib2ZmIiwibWV0YV9hbGlnbiI6Im9mZiIsInN1YnNjcmliZSI6Im9mZiIsImR1cmF0aW9uIjoib2ZmIiwibWV0YV9pY29uIjoib2ZmIiwibmV4dHRleHQiOiIiLCJwcmV2dGV4dCI6IiIsImxvYWRtb3JldGV4dCI6IiIsInBsYXllciI6eyJtb2RlIjoicG9wdXAiLCJ3aWR0aCI6IjYwMCIsInNjcm9sbGluZyI6IjEwMCIsImF1dG9wbGF5IjowLCJjb250cm9scyI6MSwibW9kZXN0YnJhbmRpbmciOjEsImxvb3AiOjAsImF1dG9uZXh0IjowLCJzaG93aW5mbyI6MSwicmVsIjoxLCJwbGF5aW5nIjowLCJwbGF5aW5nX2Rlc2NyaXB0aW9uIjowLCJ0aHVtYm5haWxzIjowLCJjY19sb2FkX3BvbGljeSI6IjEiLCJjY19sYW5nX3ByZWYiOiIxIiwiaGwiOiIiLCJpdl9sb2FkX3BvbGljeSI6IjEifSwibGFzdF90YWIiOiJhcGkiLCJ1c2VfYXNfbW9kYWwiOiJvZmYiLCJtb2RhbF9pZCI6Im9mZiIsImxhc3RfdXBkYXRlIjoiMTY4MTQzNjcyMSIsInN0eWxpbmciOnsicGFnZXJfbGF5b3V0IjoiZGVmYXVsdCIsImJ1dHRvbiI6IjEiLCJidXR0b25fY29sb3IiOiIiLCJidXR0b25fYmdfY29sb3IiOiIiLCJidXR0b25fY29sb3JfaG92ZXIiOiIiLCJidXR0b25fYmdfY29sb3JfaG92ZXIiOiIiLCJ2aWRlb19zdHlsZSI6IiIsInBsYXlpY29uX2NvbG9yIjoiIiwiaG92ZXJfaWNvbiI6IiIsImdhbGxlcnlfYmciOiIifSwiZWZmZWN0cyI6eyJ2aWRlb19ib3giOiIiLCJmbGlwX2VmZmVjdCI6IiJ9LCJnYWxsZXJ5X2lkIjoiNjlmMDdhYjk5MWRkNiIsIm5leHQiOiJFQUFhSGxCVU9rTkJVV2xGUkVGM1RWVlpNMDFGVVRWT1ZHaEVVbXBXUkZKRldRIiwicHJldiI6IiJ9"
			data-player="popup"
			data-showdesc="off" >
				<div>
					<div class="yotu-pagination yotu-pager_layout-default yotu-pagination-top">
<a href="#" class="yotu-pagination-prev yotu-button-prs yotu-button-prs-1" data-page="prev">Prev</a>
<span class="yotu-pagination-current">1</span> <span>of</span> <span class="yotu-pagination-total">21</span>
<a href="#" class="yotu-pagination-next yotu-button-prs yotu-button-prs-1" data-page="next">Next</a>
</div>
<div class="yotu-videos yotu-mode-grid yotu-column-2 yotu-player-mode-popup">
	<ul>
					<li class=" yotu-first">
								<a href="#nPo_pVZZH0w" class="yotu-video" data-videoid="nPo_pVZZH0w" data-title="Priyank Gothwal y los curadores de la expo Time is a Body  ¿Cómo entendemos el tiempo?" title="Priyank Gothwal y los curadores de la expo Time is a Body  ¿Cómo entendemos el tiempo?">
					<div class="yotu-video-thumb-wrp">
						<div>
														<img decoding="async" class="yotu-video-thumb" src="https://i.ytimg.com/vi/nPo_pVZZH0w/sddefault.jpg" alt="Priyank Gothwal y los curadores de la expo Time is a Body  ¿Cómo entendemos el tiempo?">	
													</div>
					</div>
											<h3 class="yotu-video-title">Priyank Gothwal y los curadores de la expo Time is a Body  ¿Cómo entendemos el tiempo?</h3>
																			</a>
							</li>
				
						<li class="">
								<a href="#EIFTNGQPi-Y" class="yotu-video" data-videoid="EIFTNGQPi-Y" data-title="Martes de Marte con Santiago Capraro, ¿Cómo podría ser la economía en Marte?" title="Martes de Marte con Santiago Capraro, ¿Cómo podría ser la economía en Marte?">
					<div class="yotu-video-thumb-wrp">
						<div>
														<img decoding="async" class="yotu-video-thumb" src="https://i.ytimg.com/vi/EIFTNGQPi-Y/sddefault.jpg" alt="Martes de Marte con Santiago Capraro, ¿Cómo podría ser la economía en Marte?">	
													</div>
					</div>
											<h3 class="yotu-video-title">Martes de Marte con Santiago Capraro, ¿Cómo podría ser la economía en Marte?</h3>
																			</a>
							</li>
				
						<li class="">
								<a href="#Ef6CsqX9uE0" class="yotu-video" data-videoid="Ef6CsqX9uE0" data-title="Martes de Marte con Primož Kajdič, Clima Espacial" title="Martes de Marte con Primož Kajdič, Clima Espacial">
					<div class="yotu-video-thumb-wrp">
						<div>
														<img decoding="async" class="yotu-video-thumb" src="https://i.ytimg.com/vi/Ef6CsqX9uE0/sddefault.jpg" alt="Martes de Marte con Primož Kajdič, Clima Espacial">	
													</div>
					</div>
											<h3 class="yotu-video-title">Martes de Marte con Primož Kajdič, Clima Espacial</h3>
																			</a>
							</li>
				
						<li class=" yotu-last">
								<a href="#zgss1vpt-ls" class="yotu-video" data-videoid="zgss1vpt-ls" data-title="Martes de Marte con Romeo Gómez López" title="Martes de Marte con Romeo Gómez López">
					<div class="yotu-video-thumb-wrp">
						<div>
														<img decoding="async" class="yotu-video-thumb" src="https://i.ytimg.com/vi/zgss1vpt-ls/sddefault.jpg" alt="Martes de Marte con Romeo Gómez López">	
													</div>
					</div>
											<h3 class="yotu-video-title">Martes de Marte con Romeo Gómez López</h3>
																			</a>
							</li>
				
				</ul>
</div><div class="yotu-pagination yotu-pager_layout-default yotu-pagination-bottom">
<a href="#" class="yotu-pagination-prev yotu-button-prs yotu-button-prs-1" data-page="prev">Prev</a>
<span class="yotu-pagination-current">1</span> <span>of</span> <span class="yotu-pagination-total">21</span>
<a href="#" class="yotu-pagination-next yotu-button-prs yotu-button-prs-1" data-page="next">Next</a>
</div>
				</div>
			</div>

<p>[spb_text_block animation=&#8221;none&#8221; animation_delay=&#8221;0&#8243; simplified_controls=&#8221;yes&#8221; custom_css_percentage=&#8221;no&#8221; padding_vertical=&#8221;0&#8243; padding_horizontal=&#8221;0&#8243; margin_vertical=&#8221;0&#8243; custom_css=&#8221;margin-top: 0px;margin-bottom: 0px;&#8221; border_size=&#8221;0&#8243; border_styling_global=&#8221;default&#8221; width=&#8221;1/1&#8243; el_position=&#8221;first last&#8221;] Martes de Marte es un programa quincenal de entrevistas que reúne testimonios de diferentes especialistas en temas relevantes para la cultura marciana y espacial. Transmitido en nuestro canal de YouTube cada dos martes a las 20 horas, este espacio tiene como objetivo fomentar la [&hellip;]</p>
